{"id":3773,"date":"2014-06-12T14:18:21","date_gmt":"2014-06-12T14:18:21","guid":{"rendered":"http:\/\/www.creations.d-f.cc\/product\/trek-diablo\/"},"modified":"2021-12-14T20:18:29","modified_gmt":"2021-12-14T20:18:29","slug":"trek-diablo","status":"publish","type":"product","link":"https:\/\/www.creations.d-f.cc\/de\/product\/trek-diablo\/","title":{"rendered":"M\u00f6bellinie\u00a0\u00abtrek-diablo\u00bb"},"content":{"rendered":"<p><\/p>\n<h3>M\u00f6bellinie\u00a0\u00abtrek-diablo\u00bb<\/h3>\n<p>Die \u00abtrek-diablo\u00bb M\u00f6belserie besteht aus Hocker und verschiedenen Tischvarianten. Das markante Design ist gepr\u00e4gt durch zwei in sich verbundene Bestandteile mit schnittigen Ecken und Kanten. Aluminium mit schwarzer tiefmatter Pulverbeschichtung wird als Grundmaterial verwendet. Die Oberfl\u00e4che wird mit nat\u00fcrlichem Desktop-Material \u00fcberzogen und ist in verschiedenen Farbt\u00f6nen (pebble, mauve, olive, mocha, brandy, carbon, etc.) erh\u00e4ltlich. In der neuen &#8218;Angel-Edition&#8216; ist der Aluminium-Inlay auch in weisser tiefmatter Ausf\u00fchrung erh\u00e4ltlich. Der Preis gilt f\u00fcr Hocker ab 2 Ex., Tischvarianten und Hocker in Kleinserien ab 8 Ex. &#8211; auch auf Anfrage. (Betreffend Desktop-Farbauswahl kontaktieren wir Sie nach dem Bestellvorgang.)<\/p>\n<div class=\"gap\" style=\"line-height: 50px; height: 50px;\"><\/div>\n<p><img loading=\"lazy\" decoding=\"async\" class=\"alignnone size-full wp-image-3772\" src=\"http:\/\/www.creations.d-f.cc\/wp-content\/uploads\/df-beyond.jpg\" alt=\"\u00abbeyond\u00bb is our registered product label and stands for purity and innovation.\" width=\"250\" height=\"41\" \/><\/p>\n<div class=\"gap\" style=\"line-height: 400px; height: 400px;\"><\/div><\/p>","protected":false},"excerpt":{"rendered":"<p>M\u00f6bellinie\u00a0\u00abtrek-diablo\u00bb Die \u00abtrek-diablo\u00bb M\u00f6belserie besteht aus Hocker und verschiedenen Tischvarianten. Das markante Design ist gepr\u00e4gt durch zwei in sich verbundene Bestandteile mit schnittigen Ecken und Kanten. Aluminium mit schwarzer tiefmatter Pulverbeschichtung wird als Grundmaterial verwendet. Die Oberfl\u00e4che wird mit nat\u00fcrlichem Desktop-Material \u00fcberzogen und ist in verschiedenen Farbt\u00f6nen (pebble, mauve, olive, mocha, brandy, carbon, etc.) erh\u00e4ltlich.&hellip;<\/p>\n","protected":false},"featured_media":3781,"template":"","meta":[],"product_brand":[],"product_cat":[1383],"product_tag":[],"class_list":{"0":"post-3773","1":"product","2":"type-product","3":"status-publish","4":"has-post-thumbnail","6":"product_cat-uncategorized","7":"description-off","9":"first","10":"instock","11":"shipping-taxable","12":"purchasable","13":"product-type-variable"},"_links":{"self":[{"href":"https:\/\/www.creations.d-f.cc\/de\/wp-json\/wp\/v2\/product\/3773","targetHints":{"allow":["GET"]}}],"collection":[{"href":"https:\/\/www.creations.d-f.cc\/de\/wp-json\/wp\/v2\/product"}],"about":[{"href":"https:\/\/www.creations.d-f.cc\/de\/wp-json\/wp\/v2\/types\/product"}],"wp:featuredmedia":[{"embeddable":true,"href":"https:\/\/www.creations.d-f.cc\/de\/wp-json\/wp\/v2\/media\/3781"}],"wp:attachment":[{"href":"https:\/\/www.creations.d-f.cc\/de\/wp-json\/wp\/v2\/media?parent=3773"}],"wp:term":[{"taxonomy":"product_brand","embeddable":true,"href":"https:\/\/www.creations.d-f.cc\/de\/wp-json\/wp\/v2\/product_brand?post=3773"},{"taxonomy":"product_cat","embeddable":true,"href":"https:\/\/www.creations.d-f.cc\/de\/wp-json\/wp\/v2\/product_cat?post=3773"},{"taxonomy":"product_tag","embeddable":true,"href":"https:\/\/www.creations.d-f.cc\/de\/wp-json\/wp\/v2\/product_tag?post=3773"}],"curies":[{"name":"wp","href":"https:\/\/api.w.org\/{rel}","templated":true}]}}

Möbellinie «trek-diablo»

<p></p>
<h3>Möbellinie «trek-diablo»</h3>
<p>Die «trek-diablo» Möbelserie besteht aus Hocker und verschiedenen Tischvarianten. Das markante Design ist geprägt durch zwei in sich verbundene Bestandteile mit schnittigen Ecken und Kanten. Aluminium mit schwarzer tiefmatter Pulverbeschichtung wird als Grundmaterial verwendet. Die Oberfläche wird mit natürlichem Desktop-Material überzogen und ist in verschiedenen Farbtönen (pebble, mauve, olive, mocha, brandy, carbon, etc.) erhältlich. In der neuen &#8218;Angel-Edition&#8216; ist der Aluminium-Inlay auch in weisser tiefmatter Ausführung erhältlich. Der Preis gilt für Hocker ab 2 Ex., Tischvarianten und Hocker in Kleinserien ab 8 Ex. &#8211; auch auf Anfrage. (Betreffend Desktop-Farbauswahl kontaktieren wir Sie nach dem Bestellvorgang.)</p>
<div class="gap" style="line-height: 50px; height: 50px;"></div>
<p><img loading="lazy" decoding="async" class="alignnone size-full wp-image-3772" src="http://www.creations.d-f.cc/wp-content/uploads/df-beyond.jpg" alt="«beyond» is our registered product label and stands for purity and innovation." width="250" height="41" /></p>
<div class="gap" style="line-height: 400px; height: 400px;"></div></p>

<p>Möbellinie «trek-diablo» Die «trek-diablo» Möbelserie besteht aus Hocker und verschiedenen Tischvarianten. Das markante Design ist geprägt durch zwei in sich verbundene Bestandteile mit schnittigen Ecken und Kanten. Aluminium mit schwarzer tiefmatter Pulverbeschichtung wird als Grundmaterial verwendet. Die Oberfläche wird mit natürlichem Desktop-Material überzogen und ist in verschiedenen Farbtönen (pebble, mauve, olive, mocha, brandy, carbon, etc.) erhältlich.&hellip;</p>
